{"id":417,"date":"2017-06-23T06:29:45","date_gmt":"2017-06-23T06:29:45","guid":{"rendered":"https:\/\/es-lab.de\/wp\/?page_id=417"},"modified":"2017-06-23T06:29:45","modified_gmt":"2017-06-23T06:29:45","slug":"aktuelle-pruefungsphase-ss2017","status":"publish","type":"page","link":"https:\/\/eb-lab.de\/index.php\/pruefungensprechstunde\/aktuelle-pruefungsphase-ss2017\/","title":{"rendered":"Pr\u00fcfungsphase SS2017"},"content":{"rendered":"<table style=\"height: 111px;\" width=\"226\">\n<tbody>\n<tr>\n<td style=\"text-align: center;\"><strong>Lehrfach<\/strong><\/td>\n<td style=\"text-align: center;\"><strong>Art der Pr\u00fcfung<\/strong><\/td>\n<td style=\"text-align: center;\"><strong>Datum<\/strong><\/td>\n<td style=\"text-align: center;\"><strong>Uhrzeit<\/strong><\/td>\n<td style=\"text-align: center;\"><strong>Ort \u00a0 \u00a0 \u00a0 \u00a0<\/strong><\/td>\n<td style=\"text-align: center;\"><strong>Bemerkungen<\/strong><\/td>\n<\/tr>\n<tr>\n<td>Echtzeitsysteme<\/td>\n<td>M\u00c3\u00bcndlich<\/td>\n<td>28.6.2017<\/td>\n<td>17:00<\/td>\n<td>k31<\/td>\n<td>Nachholtermin<\/td>\n<\/tr>\n<tr>\n<td>Systemprogrammierung<\/td>\n<td>M\u00c3\u00bcndlich<\/td>\n<td>28.6.2017<\/td>\n<td>17:00<\/td>\n<td>k31<\/td>\n<td>Nachholtermin<\/td>\n<\/tr>\n<tr>\n<td>Mikrocontroller<\/td>\n<td>Schriftlich<\/td>\n<td>29.6.2017<\/td>\n<td>8:00<\/td>\n<td>01\/111<\/td>\n<td>\u00c3\u0153bungsklausur<\/td>\n<\/tr>\n<tr>\n<td>Maschinenprogrammierung\/<br \/>\nAssemblerprogrammierung<\/td>\n<td>Schriftlich<\/td>\n<td>20.7.2017<\/td>\n<td>8:00<\/td>\n<td>01\/322-2<\/td>\n<td>Nachholtermin,<br \/>\nSchreibpapier wird von mir gestellt<\/td>\n<\/tr>\n<tr>\n<td>Programmieren II<\/td>\n<td>Beleg<\/td>\n<td>26.7.2017<\/td>\n<td>9:00<\/td>\n<td>k31<\/td>\n<td>Doodle-Umfrage\u00a0siehe unten<\/td>\n<\/tr>\n<tr>\n<td>Programmieren II<\/td>\n<td>Beleg<\/td>\n<td>27.7.2017<\/td>\n<td>9:00<\/td>\n<td>k31<\/td>\n<td>Doodle-Umfrage\u00a0siehe unten<\/td>\n<\/tr>\n<tr>\n<td>Mikrocontroller<\/td>\n<td>Schriftlich<\/td>\n<td>28.7.2017<\/td>\n<td>10:00 und um 12:00<\/td>\n<td>01\/216<\/td>\n<td>Schreibpapier wird von mir gestellt<\/td>\n<\/tr>\n<tr>\n<td>Programmierung eingebetteter Systeme<\/td>\n<td>Beleg<\/td>\n<td><\/td>\n<td><\/td>\n<td><\/td>\n<td>Details folgen<\/td>\n<\/tr>\n<\/tbody>\n<\/table>\n<p>Doodle-Umfrage zu Programmieren II:\u00a0https:\/\/doodle.com\/XXXXXXX<\/p>\n<p>Bitte tragen Sie sich nur f\u00fcr einen Termin f\u00fcr die Pr\u00e4sentation Ihres Beleges ein.<\/p>\n","protected":false},"excerpt":{"rendered":"<p>Lehrfach Art der Pr\u00fcfung Datum Uhrzeit Ort \u00a0 \u00a0 \u00a0 \u00a0 Bemerkungen Echtzeitsysteme M\u00c3\u00bcndlich 28.6.2017 17:00 k31 Nachholtermin Systemprogrammierung M\u00c3\u00bcndlich 28.6.2017 17:00 k31 Nachholtermin Mikrocontroller Schriftlich 29.6.2017 8:00 01\/111 \u00c3\u0153bungsklausur Maschinenprogrammierung\/ Assemblerprogrammierung Schriftlich 20.7.2017 8:00 01\/322-2 Nachholtermin, Schreibpapier wird von &hellip;<\/p>\n<p class=\"read-more\"> <a class=\"more-link\" href=\"https:\/\/eb-lab.de\/index.php\/pruefungensprechstunde\/aktuelle-pruefungsphase-ss2017\/\"> <span class=\"screen-reader-text\">Pr\u00fcfungsphase SS2017<\/span> Weiterlesen &raquo;<\/a><\/p>\n","protected":false},"author":1,"featured_media":0,"parent":520,"menu_order":10,"comment_status":"closed","ping_status":"closed","template":"","meta":[],"_links":{"self":[{"href":"https:\/\/eb-lab.de\/index.php\/wp-json\/wp\/v2\/pages\/417"}],"collection":[{"href":"https:\/\/eb-lab.de\/index.php\/wp-json\/wp\/v2\/pages"}],"about":[{"href":"https:\/\/eb-lab.de\/index.php\/wp-json\/wp\/v2\/types\/page"}],"author":[{"embeddable":true,"href":"https:\/\/eb-lab.de\/index.php\/wp-json\/wp\/v2\/users\/1"}],"replies":[{"embeddable":true,"href":"https:\/\/eb-lab.de\/index.php\/wp-json\/wp\/v2\/comments?post=417"}],"version-history":[{"count":0,"href":"https:\/\/eb-lab.de\/index.php\/wp-json\/wp\/v2\/pages\/417\/revisions"}],"up":[{"embeddable":true,"href":"https:\/\/eb-lab.de\/index.php\/wp-json\/wp\/v2\/pages\/520"}],"wp:attachment":[{"href":"https:\/\/eb-lab.de\/index.php\/wp-json\/wp\/v2\/media?parent=417"}],"curies":[{"name":"wp","href":"https:\/\/api.w.org\/{rel}","templated":true}]}}