{"id":2042,"date":"2016-01-13T20:15:40","date_gmt":"2016-01-13T20:15:40","guid":{"rendered":"https:\/\/es-lab.de\/wp\/?page_id=2"},"modified":"2026-01-12T12:09:02","modified_gmt":"2026-01-12T11:09:02","slug":"sample-page-2","status":"publish","type":"page","link":"https:\/\/eb-lab.de\/index.php\/sample-page-2\/","title":{"rendered":"Was machen wir?"},"content":{"rendered":"<p><a href=\"https:\/\/es-lab.de\/wp\/wp-content\/uploads\/2016\/03\/REV_A5A.jpg\"><img decoding=\"async\" loading=\"lazy\" class=\"alignright size-medium wp-image-129\" src=\"https:\/\/es-lab.de\/wp\/wp-content\/uploads\/2016\/03\/REV_A5A-300x200.jpg\" alt=\"REV_A5A\" width=\"300\" height=\"200\" \/><\/a>Im Labor Embbedded-Systems der Hochschule Anhalt in K\u00f6then sollen die Studenten des Fachbereichs Elektrotechnik, Maschinenbau und Wirtschaftsingenieurwesen in den verschiedenen Studieng\u00e4ngen den Umgang mit einfachen Mikrocontrollern begleitend zur Vorlesung erlernen. Auch der Umgang mit aktiven und passiven Sensoren und Aktoren wird in verschiedenen Praktika erlernt.<\/p>\n<p>In einem weiteren Schritt werden komplexere SoC-Systeme (System on Chip) mit dem Betriebssystem Linux inkl. Echtzeit-Linux-Systemen eingesetzt und f\u00fcr individuelle Projekte genutzt. Die verwendeten Hardware-Plattformen reichen von verschiedenen Arduino-Boards, Boards der ESP-Reihe, RaspBerry Pi oder Beaglebone bis zu komplexen Multiprozessor-Systemen. Der Vernetzung der SoC-Systeme auch unter Echtzeit-Bedingungen von einfachen Modbus RS-485 Systemen, CAN bis hin zu angepassten IP-Systemen kommt dabei eine besondere Bedeutung zu.<\/p>\n<p>Die Programmierung dieser Systeme geschieht mittels <a href=\"https:\/\/es-lab.de\/wp\/wp-content\/uploads\/2019\/02\/s-l500.jpg\"><img decoding=\"async\" loading=\"lazy\" class=\"alignright size-medium wp-image-863\" src=\"https:\/\/es-lab.de\/wp\/wp-content\/uploads\/2019\/02\/s-l500-300x300.jpg\" alt=\"s-l500\" width=\"300\" height=\"300\" \/><\/a>Assembler, der Skriptsprache Python bis hin zu C und C++.<\/p>\n<p>Wir f\u00fchlen uns der freien Software verpflichtet und benutzen daher ausschliesslich Open-Source-Werkzeuge wie Eclipse, git, Visual Studio Code, GNU Octave, KiCad eda etc. Als Betriebssystem auf den Labor- und Entwicklungsrechner kommt das freie OS Linux (Debian, Linux Mint) zum Einsatz.<\/p>\n<p>Dar\u00fcber hinaus werden gemeinsam mit industriellen Partnern BMBF-Projekte, ZIM-Vorhaben und weitere Kooperationen auf dem Gebiet des Einsatzes von Linux-basierten SoC-Systemen zu Monitoring-, Steuerungs- und Regelzwecken im Industrie 4.0 Umfeld sowie der Steuerung von regenerativer Energieerzeugung und deren Verteilung durchf\u00fchrt. Mehr Details finden sich im <a href=\"http:\/\/eb-lab.de\/wp-content\/uploads\/2025\/10\/Forschungsflyer_ESLab_final.pdf\">Forschungsflyer<\/a> sowie auf weiteren Seiten eine\u00a0<a title=\"Projekte\" href=\"https:\/\/es-lab.de\/wp\/studentische-arbeiten-und-projekte\/projekte\/\">Auswahl aktueller Projekte<\/a>.<\/p>\n<hr \/>\n<p><strong>Lehre<\/strong><\/p>\n<p>Die praktisch orientierte Arbeit mit den Studenten unseres Fachbereichs ist uns sehr wichtig. Unsere Studenten werden in folgenden F\u00e4chern im Bachelor- und Masterstudiengang unterrichtet. Die jeweiligen Vorlesungen werden durch praktische Arbeiten im Labor unterst\u00fctzt.<\/p>\n<ul>\n<li>Bachelor: Mikrocomputer und Mikrocontroller (Arduino und Raspberry Pi Pico basierend)<\/li>\n<li>Bachelor: Programmierung eingebetteter Systeme (Projektarbeiten)<\/li>\n<li>Master: Hardware-Software-CoDesign (FPGA&#8217;s mit Altera\/Intel Komponenten)<\/li>\n<li>Master: Softwaredesign<\/li>\n<li>Master: Echtzeitsysteme (Linux und Zephyr)<\/li>\n<li>Master: Systemprogrammierung (Linux)<\/li>\n<li>Master: Sensoren und Aktoren<\/li>\n<li>Bachelor \/ Master: Internet-Sicherheit \/ Datenschutz und Internet-Sicherheit<\/li>\n<\/ul>\n<p>F\u00fcr alle Vorlesungen sind Skripte als Download verf\u00fcgbar. Die Vorlesungen im Masterstudiengang werden in Englisch abgehalten.<\/p>\n<hr \/>\n<p><strong>Python<\/strong><\/p>\n<p><a href=\"https:\/\/es-lab.de\/wp\/wp-content\/uploads\/2016\/01\/python-logo-master-v3-TM.png\"><img decoding=\"async\" loading=\"lazy\" class=\" size-medium wp-image-59 alignright\" src=\"https:\/\/es-lab.de\/wp\/wp-content\/uploads\/2016\/01\/python-logo-master-v3-TM-300x101.png\" alt=\"python-logo-master-v3-TM\" width=\"300\" height=\"101\" \/><\/a>Python ist eine sehr einfach zu erlernende Programmiersprache. Trotz der Einfachheit bietet Python die M\u00f6glichkeit auch komplexe Programme f\u00fcr die vielf\u00e4ltigsten Anwendungsgebiete zu schreiben. Dies schlie\u00dft sowohl Programme, die von der Kommandozeile bedient werden als auch komplexe grafische Benutzeroberfl\u00e4chen ein. Auch viele grafische Benutzeroberfl\u00e4che sind komplett in Python realisiert.<\/p>\n<p>Python bietet aus unserer Sicht folgende Vorteile:<\/p>\n<ul>\n<li>Einfache und eindeutige Syntax mit klaren Anweisungen.<\/li>\n<li>Klare Strukturen f\u00fcr gut strukturierten und gut lesbaren Code. Die Anordnung der Programmzeilen <span style=\"line-height: 1.5;\">ergibt gleichzeitig die logische Struktur des Programms.<\/span><\/li>\n<li>Gute Wiederverwendbarkeit des Codes: Python unterst\u00fctzt sehr gut das Zerlegen eines gro\u00dfen Problems in kleine separierte Probleme und deren L\u00f6sung in Python.<\/li>\n<li>Konsequente Objektorientierung: Objektorientierte Entwurfsmuster (Design Pattern) werden hervorragend unterst\u00fctzt.<\/li>\n<li>Automatische Speicherverwaltung: Der Entwickler muss sich nicht um Reservierung und Wiederfreigabe von Speicherplatz k\u00fcmmern.<\/li>\n<li>Python-Programme werden unmittelbar interpretiert, was einen schnellen Wechsel zwischen Codierungs- <span style=\"line-height: 1.5;\">und Testphase gestattet.<\/span><\/li>\n<li>Hohe Ausf\u00fchrungsgeschwindigkeit.<\/li>\n<li>Python ist sowohl als Kommandozeilenanwendung als auch bei Verwendung von grafischen Benutzeroberfl\u00e4chen unabh\u00e4ngig vom Betriebssystem.<\/li>\n<\/ul>\n","protected":false},"excerpt":{"rendered":"<p>Im Labor Embbedded-Systems der Hochschule Anhalt in K\u00f6then sollen die Studenten des Fachbereichs Elektrotechnik, Maschinenbau und Wirtschaftsingenieurwesen in den verschiedenen Studieng\u00e4ngen den Umgang mit einfachen Mikrocontrollern begleitend zur Vorlesung erlernen. Auch der Umgang mit aktiven und passiven Sensoren und Aktoren &hellip;<\/p>\n<p class=\"read-more\"> <a class=\"more-link\" href=\"https:\/\/eb-lab.de\/index.php\/sample-page-2\/\"> <span class=\"screen-reader-text\">Was machen wir?<\/span> Weiterlesen &raquo;<\/a><\/p>\n","protected":false},"author":1,"featured_media":0,"parent":0,"menu_order":20,"comment_status":"closed","ping_status":"open","template":"full-width-page.php","meta":[],"_links":{"self":[{"href":"https:\/\/eb-lab.de\/index.php\/wp-json\/wp\/v2\/pages\/2042"}],"collection":[{"href":"https:\/\/eb-lab.de\/index.php\/wp-json\/wp\/v2\/pages"}],"about":[{"href":"https:\/\/eb-lab.de\/index.php\/wp-json\/wp\/v2\/types\/page"}],"author":[{"embeddable":true,"href":"https:\/\/eb-lab.de\/index.php\/wp-json\/wp\/v2\/users\/1"}],"replies":[{"embeddable":true,"href":"https:\/\/eb-lab.de\/index.php\/wp-json\/wp\/v2\/comments?post=2042"}],"version-history":[{"count":1,"href":"https:\/\/eb-lab.de\/index.php\/wp-json\/wp\/v2\/pages\/2042\/revisions"}],"predecessor-version":[{"id":2114,"href":"https:\/\/eb-lab.de\/index.php\/wp-json\/wp\/v2\/pages\/2042\/revisions\/2114"}],"wp:attachment":[{"href":"https:\/\/eb-lab.de\/index.php\/wp-json\/wp\/v2\/media?parent=2042"}],"curies":[{"name":"wp","href":"https:\/\/api.w.org\/{rel}","templated":true}]}}