{"id":1808,"date":"2023-12-20T15:51:11","date_gmt":"2023-12-20T15:51:11","guid":{"rendered":"https:\/\/es-lab.de\/wp\/?page_id=1808"},"modified":"2023-12-20T15:51:11","modified_gmt":"2023-12-20T15:51:11","slug":"pruefungsphase-examination-ws-2023-2024","status":"publish","type":"page","link":"https:\/\/eb-lab.de\/index.php\/pruefungensprechstunde\/pruefungsphase-examination-ws-2023-2024\/","title":{"rendered":"Pr\u00fcfungsphase \/ Examination WS 2023\/2024"},"content":{"rendered":"\n<p>Hallo Zusammen,<\/p>\n\n\n\n<p>f\u00fcr die anstehende Pr\u00fcfungsperiode WS2023\/2024 habe ich unten stehende Auflistung mit den Details zu meinen Pr\u00fcfungen zusammengestellt.<\/p>\n\n\n\n<p><strong>Grunds\u00e4tzlich m\u00fcssen Sie sich im HIS zu Ihrer jeweiligen Pr\u00fcfung ordnungsgem\u00e4\u00df angemeldet haben. Bitte vers\u00e4umen Sie nicht die Anmeldefrist!!<\/strong><\/p>\n\n\n\n<p><strong>Wenn Sie sich nicht im HIS angemeldet haben, kann keine Pr\u00fcfung&nbsp;stattfinden<\/strong><\/p>\n\n\n\n<ul><li><strong>Realtime-System<\/strong>: 19.3.2024, oral exam -> Please reserve ONE timeslot per person by using this <a href=\"https:\/\/terminplaner6.dfn.de\/p\/3aa72eb8c3694326fa7a95088921f7f5-534864\">link<\/a><\/li><li><strong>Systemprogramming<\/strong>: 1.2.2024, oral exam -> Please reserve ONE timeslot per person by using this <a href=\"https:\/\/terminplaner6.dfn.de\/p\/475dbb5e8efb00031965b8c8816d3d0a-534857\">link<\/a><\/li><li><strong>Hardware-\/Software-CoDesign<\/strong>: 28.3.2024 -> Presentation of your individual project work ->\u00a0Details and invitation for individual time-slots will be issued soon<\/li><li><strong>Microcontroller<\/strong> (EIT\/MT 2012 und sonstige Nachholer): M\u00fcndliche Pr\u00fcfung per Videokonferenz. Bitte kontaktieren Sie mich bzgl. einer Terminabsprache<\/li><li><strong>Microcontroller<\/strong> (neuere Pr\u00fcfungsordnung als 2012): Schriftliche Pr\u00fcfung am 2.2.2024, 08:00 Uhr in 01\/121<\/li><li><strong>Software-Design<\/strong> (MBE and others): Written exam on <strong><span class=\"has-inline-color has-vivid-red-color\"><s>29.3.2024, 9:00 Uhr in 01\/k32<\/s> 12th of April at 12:30 Uhr in 01\/k32<\/span><\/strong><\/li><li><strong>Repeat of examination for Internet-Security, Systemprogramming and Realtime-Systems<\/strong> <s>on 31st of January 2024 in 01\/k31<\/s><br><strong><span class=\"has-inline-color has-vivid-red-color\">We need to find an other date, because other top urgent items.<\/span><\/strong> Please use the following<a href=\"https:\/\/terminplaner6.dfn.de\/p\/04218cb42fba3fcc84a46d562f9c3620-534698\"> Link<\/a> for a reservation of your timeslot.<\/li><\/ul>\n\n\n\n<p><\/p>\n","protected":false},"excerpt":{"rendered":"<p>Hallo Zusammen, f\u00fcr die anstehende Pr\u00fcfungsperiode WS2023\/2024 habe ich unten stehende Auflistung mit den Details zu meinen Pr\u00fcfungen zusammengestellt. Grunds\u00e4tzlich m\u00fcssen Sie sich im HIS zu Ihrer jeweiligen Pr\u00fcfung ordnungsgem\u00e4\u00df angemeldet haben. Bitte vers\u00e4umen Sie nicht die Anmeldefrist!! Wenn Sie &hellip;<\/p>\n<p class=\"read-more\"> <a class=\"more-link\" href=\"https:\/\/eb-lab.de\/index.php\/pruefungensprechstunde\/pruefungsphase-examination-ws-2023-2024\/\"> <span class=\"screen-reader-text\">Pr\u00fcfungsphase \/ Examination WS 2023\/2024<\/span> Weiterlesen &raquo;<\/a><\/p>\n","protected":false},"author":1,"featured_media":0,"parent":520,"menu_order":2,"comment_status":"closed","ping_status":"closed","template":"","meta":[],"_links":{"self":[{"href":"https:\/\/eb-lab.de\/index.php\/wp-json\/wp\/v2\/pages\/1808"}],"collection":[{"href":"https:\/\/eb-lab.de\/index.php\/wp-json\/wp\/v2\/pages"}],"about":[{"href":"https:\/\/eb-lab.de\/index.php\/wp-json\/wp\/v2\/types\/page"}],"author":[{"embeddable":true,"href":"https:\/\/eb-lab.de\/index.php\/wp-json\/wp\/v2\/users\/1"}],"replies":[{"embeddable":true,"href":"https:\/\/eb-lab.de\/index.php\/wp-json\/wp\/v2\/comments?post=1808"}],"version-history":[{"count":0,"href":"https:\/\/eb-lab.de\/index.php\/wp-json\/wp\/v2\/pages\/1808\/revisions"}],"up":[{"embeddable":true,"href":"https:\/\/eb-lab.de\/index.php\/wp-json\/wp\/v2\/pages\/520"}],"wp:attachment":[{"href":"https:\/\/eb-lab.de\/index.php\/wp-json\/wp\/v2\/media?parent=1808"}],"curies":[{"name":"wp","href":"https:\/\/api.w.org\/{rel}","templated":true}]}}